{"id":996,"date":"2020-09-22T02:52:23","date_gmt":"2020-09-22T02:52:23","guid":{"rendered":"http:\/\/wpdemo.archiwp.com\/maxbizz\/?page_id=996"},"modified":"2021-07-07T17:20:54","modified_gmt":"2021-07-07T14:20:54","slug":"multi-split-klima-sistemleri","status":"publish","type":"page","link":"https:\/\/hbklima.com\/index.php\/hb-klima-hizmetleri\/multi-split-klima-sistemleri\/","title":{"rendered":"Multi Split Klima Sistemleri"},"content":{"rendered":"\t\t<div data-elementor-type=\"wp-page\" data-elementor-id=\"996\" class=\"elementor elementor-996\">\n\t\t\t\t\t\t<section class=\"elementor-section elementor-top-section elementor-element elementor-element-6faa64b elementor-reverse-tablet elementor-reverse-mobile elementor-section-boxed elementor-section-height-default elementor-section-height-default\" data-id=\"6faa64b\" data-element_type=\"section\" data-e-type=\"section\">\n\t\t\t\t\t\t<div class=\"elementor-container elementor-column-gap-extended\">\n\t\t\t\t\t<div class=\"elementor-column elementor-col-100 elementor-top-column elementor-element elementor-element-f04219d ot-flex-column-vertical\" data-id=\"f04219d\" data-element_type=\"column\" data-e-type=\"column\">\n\t\t\t<div class=\"elementor-widget-wrap elementor-element-populated\">\n\t\t\t\t\t\t<div class=\"elementor-element elementor-element-89e59a0 elementor-widget elementor-widget-image\" data-id=\"89e59a0\" data-element_type=\"widget\" data-e-type=\"widget\" data-widget_type=\"image.default\">\n\t\t\t\t<div class=\"elementor-widget-container\">\n\t\t\t\t\t\t\t\t\t\t\t\t\t\t\t<img fetchpriority=\"high\" decoding=\"async\" width=\"1200\" height=\"600\" src=\"https:\/\/hbklima.com\/wp-content\/uploads\/2021\/07\/multi-klima-sistemleri-montaji-arizasi-bakimi-servisi-firmasi-sirketi.jpg\" class=\"attachment-full size-full wp-image-2286\" alt=\"Klima Servisi Multi Klima Sistemi Montaj\u0131 Bak\u0131m\u0131 Firmas\u0131 \u015eirketi\" srcset=\"https:\/\/hbklima.com\/wp-content\/uploads\/2021\/07\/multi-klima-sistemleri-montaji-arizasi-bakimi-servisi-firmasi-sirketi.jpg 1200w, https:\/\/hbklima.com\/wp-content\/uploads\/2021\/07\/multi-klima-sistemleri-montaji-arizasi-bakimi-servisi-firmasi-sirketi-300x150.jpg 300w, https:\/\/hbklima.com\/wp-content\/uploads\/2021\/07\/multi-klima-sistemleri-montaji-arizasi-bakimi-servisi-firmasi-sirketi-1024x512.jpg 1024w, https:\/\/hbklima.com\/wp-content\/uploads\/2021\/07\/multi-klima-sistemleri-montaji-arizasi-bakimi-servisi-firmasi-sirketi-768x384.jpg 768w\" sizes=\"(max-width: 1200px) 100vw, 1200px\" \/>\t\t\t\t\t\t\t\t\t\t\t\t\t\t\t<\/div>\n\t\t\t\t<\/div>\n\t\t\t\t<div class=\"elementor-element elementor-element-74e28c1 elementor-widget elementor-widget-heading\" data-id=\"74e28c1\" data-element_type=\"widget\" data-e-type=\"widget\" data-widget_type=\"heading.default\">\n\t\t\t\t<div class=\"elementor-widget-container\">\n\t\t\t\t\t<h3 class=\"elementor-heading-title elementor-size-default\">Multi Split Klima Sistemleri <\/h3>\t\t\t\t<\/div>\n\t\t\t\t<\/div>\n\t\t\t\t<div class=\"elementor-element elementor-element-ddf12e4 elementor-widget elementor-widget-text-editor\" data-id=\"ddf12e4\" data-element_type=\"widget\" data-e-type=\"widget\" data-widget_type=\"text-editor.default\">\n\t\t\t\t<div class=\"elementor-widget-container\">\n\t\t\t\t\t\t\t\t\t<p><span data-contrast=\"auto\">Multi\u00a0split\u00a0klimalar ise tek bir d\u0131\u015f \u00fcniteye ba\u011fl\u0131, birden fazla\u00a0split\u00a0sistemine sahip olan klima sistemleridir. Multi\u00a0Split\u00a0Klima sistemlerinde \u0130\u00e7 \u00fcnitelerin tamam\u0131 tek bir d\u0131\u015f \u00fcniteye ba\u011flan\u0131r. Bu sayede d\u0131\u015f \u00fcnitelerin olu\u015fturaca\u011f\u0131 alan s\u0131k\u0131nt\u0131s\u0131 ve g\u00f6r\u00fcnt\u00fc kirlili\u011fi engellenmi\u015f olur.<\/span><span data-ccp-props=\"{&quot;201341983&quot;:0,&quot;335559739&quot;:160,&quot;335559740&quot;:259}\">\u00a0<\/span><\/p><p><span data-contrast=\"auto\">Bir d\u0131\u015f \u00fcniteye 8 adet i\u00e7 \u00fcnitenin ba\u011flanabilmesini sa\u011flayan\u00a0multi\u00a0split\u00a0klima modelleri sayesinde mekanlarda m\u00fckemmel bir iklimlendirme deneyimi sa\u011flamaktad\u0131r. Multi\u00a0split\u00a0klimalar son y\u0131llarda A s\u0131n\u0131f\u0131 performans sergilerken tek d\u0131\u015f \u00fcniteye sahip olmas\u0131n\u0131n avantaj\u0131yla sessiz \u00e7al\u0131\u015fmaktad\u0131r. Tek bir \u00fcniteden kontrolle mekanlar\u0131n iklimlendirilmesini sa\u011flayan\u00a0multi\u00a0split\u00a0klima sistemleri, kullan\u0131c\u0131s\u0131na enerji tasarrufu ve kullan\u0131m kolayl\u0131\u011f\u0131 sa\u011flamaktad\u0131r.<\/span><span data-ccp-props=\"{&quot;201341983&quot;:0,&quot;335559739&quot;:160,&quot;335559740&quot;:259}\">\u00a0<\/span><\/p><p><span data-contrast=\"auto\">Multi\u00a0split\u00a0klimalar genellikle duvar, salon, tavan ve kaset tipi klima modellerinde kullan\u0131lmaktad\u0131r. Daha \u00e7ok geni\u015f mekanlarda ya da birden fazla alan\u0131n iklimlendirilmesinde kullan\u0131lan\u00a0multi\u00a0split\u00a0klima sistemleri, tek d\u0131\u015f \u00fcnitesiyle ayn\u0131 anda farkl\u0131 mekanlar\u0131n havas\u0131n\u0131 kolayl\u0131kla de\u011fi\u015ftirebilmektedir.<\/span><span data-ccp-props=\"{&quot;201341983&quot;:0,&quot;335559739&quot;:160,&quot;335559740&quot;:259}\">\u00a0<\/span><\/p><p><span data-contrast=\"auto\">Multi\u00a0Split\u00a0Klima Sistemleri, Tek d\u0131\u015f \u00fcniteye sahip yap\u0131s\u0131 ile ayn\u0131 anda \u00e7oklu klima y\u00f6netim sistemi sunmakta olup, Alan\u0131n b\u00fcy\u00fck ve k\u00fc\u00e7\u00fckl\u00fc\u011f\u00fcne g\u00f6re mod\u00fcler yakla\u015f\u0131m ve \u00e7\u00f6z\u00fcmler sa\u011flamaktad\u0131r. B\u00fct\u00fcn bunlar\u0131n yan\u0131nda Multi\u00a0Split\u00a0Klima Sistemleri, Sistemi kat veya b\u00f6lge baz\u0131nda entegre etmeye olanak tan\u0131r. Ayr\u0131ca \u00dcst\u00fcn performans\u0131 ile i\u00e7\u00a0mekan\u00a0ses seviyesi \u015fartlar\u0131n\u0131n kar\u015f\u0131lanmas\u0131n\u0131 sa\u011flamaktad\u0131r.<\/span><span data-ccp-props=\"{&quot;201341983&quot;:0,&quot;335559739&quot;:160,&quot;335559740&quot;:259}\">\u00a0<\/span><\/p><p><span data-contrast=\"auto\">Multi\u00a0split\u00a0klima sistemleri genellikle duvar, salon, tavan ve kaset tipi klima modellerinde kullan\u0131lmaktad\u0131r. Daha \u00e7ok geni\u015f mekanlarda ya da birden fazla alan\u0131n iklimlendirilmesinde kullan\u0131lan\u00a0multi\u00a0split\u00a0klima sistemleri, tek d\u0131\u015f \u00fcnitesiyle ayn\u0131 anda farkl\u0131 mekanlar\u0131n havas\u0131n\u0131 kolayl\u0131kla de\u011fi\u015ftirmektedir.<\/span><span data-ccp-props=\"{&quot;201341983&quot;:0,&quot;335559739&quot;:160,&quot;335559740&quot;:259}\">\u00a0<\/span><\/p><p><span data-contrast=\"auto\">Hem ekonomik hem de geni\u015f mekanlar\u0131n kurtar\u0131c\u0131s\u0131 olan\u00a0multi\u00a0split\u00a0klimalar sahip olduklar\u0131 teknolojiyle de di\u011fer klimalara oranla daha verimlidir.\u00a0Mutli\u00a0klima modelleri ve markalar\u0131 her sene kendini geli\u015ftirdi\u011fi i\u00e7in konforlu klima kullan\u0131m\u0131 i\u00e7in\u00a0multi\u00a0split\u00a0klima sistemlerini kullanmak y\u00fcksek enerji tasarrufu sa\u011flamaktad\u0131r.<\/span><span data-ccp-props=\"{&quot;201341983&quot;:0,&quot;335559739&quot;:160,&quot;335559740&quot;:259}\">\u00a0<\/span><\/p><p><span data-contrast=\"auto\">Multi\u00a0Split\u00a0Klima Sistemleri; A enerji s\u0131n\u0131f\u0131 \u00f6zelli\u011fi sayesinde minimum enerji harcayarak maksimum verim sa\u011flamakta olup, Bireysel ve merkezi kontrol sistemleri ile y\u00f6netim kolayl\u0131\u011f\u0131 sa\u011flar.<\/span><span data-ccp-props=\"{&quot;201341983&quot;:0,&quot;335559739&quot;:160,&quot;335559740&quot;:259}\">\u00a0<\/span><\/p><p><span data-contrast=\"auto\">Multi\u00a0split\u00a0avantajlar\u0131 y\u00fcksek enerji harcayan ayn\u0131 verimdeki klima modellerine g\u00f6re daha kullan\u0131\u015fl\u0131d\u0131r. Tek sistemden birden fazla\u00a0mekan\u0131\u00a0\u0131s\u0131tmak ve so\u011futmak istedi\u011finizde en uygun se\u00e7enek olacakt\u0131r.<\/span><span data-ccp-props=\"{&quot;201341983&quot;:0,&quot;335559739&quot;:160,&quot;335559740&quot;:259}\">\u00a0<\/span><\/p>\t\t\t\t\t\t\t\t<\/div>\n\t\t\t\t<\/div>\n\t\t\t\t\t<\/div>\n\t\t<\/div>\n\t\t\t\t\t<\/div>\n\t\t<\/section>\n\t\t\t\t<\/div>\n\t\t","protected":false},"excerpt":{"rendered":"<p>Multi Split Klima Sistemleri Multi\u00a0split\u00a0klimalar ise tek bir d\u0131\u015f \u00fcniteye ba\u011fl\u0131, birden fazla\u00a0split\u00a0sistemine sahip olan klima sistemleridir. Multi\u00a0Split\u00a0Klima sistemlerinde \u0130\u00e7 \u00fcnitelerin tamam\u0131 tek bir d\u0131\u015f \u00fcniteye ba\u011flan\u0131r. Bu sayede d\u0131\u015f \u00fcnitelerin olu\u015fturaca\u011f\u0131 alan s\u0131k\u0131nt\u0131s\u0131 ve g\u00f6r\u00fcnt\u00fc kirlili\u011fi engellenmi\u015f olur.\u00a0 Bir d\u0131\u015f \u00fcniteye 8 adet i\u00e7 \u00fcnitenin ba\u011flanabilmesini sa\u011flayan\u00a0multi\u00a0split\u00a0klima modelleri sayesinde mekanlarda m\u00fckemmel bir iklimlendirme deneyimi [&hellip;]<\/p>\n","protected":false},"author":1,"featured_media":0,"parent":868,"menu_order":0,"comment_status":"closed","ping_status":"closed","template":"","meta":{"footnotes":""},"class_list":["post-996","page","type-page","status-publish","hentry"],"yoast_head":"<!-- This site is optimized with the Yoast SEO plugin v27.4 - https:\/\/yoast.com\/product\/yoast-seo-wordpress\/ -->\n<title>Multi Split Klima Sistemleri | HB Klima Teknik Servisi<\/title>\n<meta name=\"description\" content=\"Multi Split Klima Sistemleri, tek bir d\u0131\u015f \u00fcniteye ba\u011fl\u0131, birden fazla split sistemine sahip olan klima sistemleridir\" \/>\n<meta name=\"robots\" content=\"index, follow, max-snippet:-1, max-image-preview:large, max-video-preview:-1\" \/>\n<link rel=\"canonical\" href=\"https:\/\/hbklima.com\/index.php\/hb-klima-hizmetleri\/multi-split-klima-sistemleri\/\" \/>\n<meta property=\"og:locale\" content=\"tr_TR\" \/>\n<meta property=\"og:type\" content=\"article\" \/>\n<meta property=\"og:title\" content=\"Multi Split Klima Sistemleri | HB Klima Teknik Servisi\" \/>\n<meta property=\"og:description\" content=\"Multi Split Klima Sistemleri, tek bir d\u0131\u015f \u00fcniteye ba\u011fl\u0131, birden fazla split sistemine sahip olan klima sistemleridir\" \/>\n<meta property=\"og:url\" content=\"https:\/\/hbklima.com\/index.php\/hb-klima-hizmetleri\/multi-split-klima-sistemleri\/\" \/>\n<meta property=\"og:site_name\" content=\"HB Klima Servisi\" \/>\n<meta property=\"article:modified_time\" content=\"2021-07-07T14:20:54+00:00\" \/>\n<meta property=\"og:image\" content=\"https:\/\/hbklima.com\/wp-content\/uploads\/2021\/07\/multi-klima-sistemleri-montaji-arizasi-bakimi-servisi-firmasi-sirketi.jpg\" \/>\n<meta name=\"twitter:card\" content=\"summary_large_image\" \/>\n<meta name=\"twitter:label1\" content=\"Tahmini okuma s\u00fcresi\" \/>\n\t<meta name=\"twitter:data1\" content=\"2 dakika\" \/>\n<script type=\"application\/ld+json\" class=\"yoast-schema-graph\">{\"@context\":\"https:\\\/\\\/schema.org\",\"@graph\":[{\"@type\":\"WebPage\",\"@id\":\"https:\\\/\\\/hbklima.com\\\/index.php\\\/hb-klima-hizmetleri\\\/multi-split-klima-sistemleri\\\/\",\"url\":\"https:\\\/\\\/hbklima.com\\\/index.php\\\/hb-klima-hizmetleri\\\/multi-split-klima-sistemleri\\\/\",\"name\":\"Multi Split Klima Sistemleri | HB Klima Teknik Servisi\",\"isPartOf\":{\"@id\":\"https:\\\/\\\/hbklima.com\\\/#website\"},\"primaryImageOfPage\":{\"@id\":\"https:\\\/\\\/hbklima.com\\\/index.php\\\/hb-klima-hizmetleri\\\/multi-split-klima-sistemleri\\\/#primaryimage\"},\"image\":{\"@id\":\"https:\\\/\\\/hbklima.com\\\/index.php\\\/hb-klima-hizmetleri\\\/multi-split-klima-sistemleri\\\/#primaryimage\"},\"thumbnailUrl\":\"https:\\\/\\\/hbklima.com\\\/wp-content\\\/uploads\\\/2021\\\/07\\\/multi-klima-sistemleri-montaji-arizasi-bakimi-servisi-firmasi-sirketi.jpg\",\"datePublished\":\"2020-09-22T02:52:23+00:00\",\"dateModified\":\"2021-07-07T14:20:54+00:00\",\"description\":\"Multi Split Klima Sistemleri, tek bir d\u0131\u015f \u00fcniteye ba\u011fl\u0131, birden fazla split sistemine sahip olan klima sistemleridir\",\"breadcrumb\":{\"@id\":\"https:\\\/\\\/hbklima.com\\\/index.php\\\/hb-klima-hizmetleri\\\/multi-split-klima-sistemleri\\\/#breadcrumb\"},\"inLanguage\":\"tr\",\"potentialAction\":[{\"@type\":\"ReadAction\",\"target\":[\"https:\\\/\\\/hbklima.com\\\/index.php\\\/hb-klima-hizmetleri\\\/multi-split-klima-sistemleri\\\/\"]}]},{\"@type\":\"ImageObject\",\"inLanguage\":\"tr\",\"@id\":\"https:\\\/\\\/hbklima.com\\\/index.php\\\/hb-klima-hizmetleri\\\/multi-split-klima-sistemleri\\\/#primaryimage\",\"url\":\"https:\\\/\\\/hbklima.com\\\/wp-content\\\/uploads\\\/2021\\\/07\\\/multi-klima-sistemleri-montaji-arizasi-bakimi-servisi-firmasi-sirketi.jpg\",\"contentUrl\":\"https:\\\/\\\/hbklima.com\\\/wp-content\\\/uploads\\\/2021\\\/07\\\/multi-klima-sistemleri-montaji-arizasi-bakimi-servisi-firmasi-sirketi.jpg\",\"width\":1200,\"height\":600,\"caption\":\"Klima Servisi Multi Klima Sistemi Montaj\u0131 Bak\u0131m\u0131 Firmas\u0131 \u015eirketi\"},{\"@type\":\"BreadcrumbList\",\"@id\":\"https:\\\/\\\/hbklima.com\\\/index.php\\\/hb-klima-hizmetleri\\\/multi-split-klima-sistemleri\\\/#breadcrumb\",\"itemListElement\":[{\"@type\":\"ListItem\",\"position\":1,\"name\":\"Anasayfa\",\"item\":\"https:\\\/\\\/hbklima.com\\\/\"},{\"@type\":\"ListItem\",\"position\":2,\"name\":\"HB Klima Hizmetleri\",\"item\":\"https:\\\/\\\/hbklima.com\\\/index.php\\\/hb-klima-hizmetleri\\\/\"},{\"@type\":\"ListItem\",\"position\":3,\"name\":\"Multi Split Klima Sistemleri\"}]},{\"@type\":\"WebSite\",\"@id\":\"https:\\\/\\\/hbklima.com\\\/#website\",\"url\":\"https:\\\/\\\/hbklima.com\\\/\",\"name\":\"HB Klima Servisi\",\"description\":\"Klima Servisi\",\"potentialAction\":[{\"@type\":\"SearchAction\",\"target\":{\"@type\":\"EntryPoint\",\"urlTemplate\":\"https:\\\/\\\/hbklima.com\\\/?s={search_term_string}\"},\"query-input\":{\"@type\":\"PropertyValueSpecification\",\"valueRequired\":true,\"valueName\":\"search_term_string\"}}],\"inLanguage\":\"tr\"}]}<\/script>\n<!-- \/ Yoast SEO plugin. -->","yoast_head_json":{"title":"Multi Split Klima Sistemleri | HB Klima Teknik Servisi","description":"Multi Split Klima Sistemleri, tek bir d\u0131\u015f \u00fcniteye ba\u011fl\u0131, birden fazla split sistemine sahip olan klima sistemleridir","robots":{"index":"index","follow":"follow","max-snippet":"max-snippet:-1","max-image-preview":"max-image-preview:large","max-video-preview":"max-video-preview:-1"},"canonical":"https:\/\/hbklima.com\/index.php\/hb-klima-hizmetleri\/multi-split-klima-sistemleri\/","og_locale":"tr_TR","og_type":"article","og_title":"Multi Split Klima Sistemleri | HB Klima Teknik Servisi","og_description":"Multi Split Klima Sistemleri, tek bir d\u0131\u015f \u00fcniteye ba\u011fl\u0131, birden fazla split sistemine sahip olan klima sistemleridir","og_url":"https:\/\/hbklima.com\/index.php\/hb-klima-hizmetleri\/multi-split-klima-sistemleri\/","og_site_name":"HB Klima Servisi","article_modified_time":"2021-07-07T14:20:54+00:00","og_image":[{"url":"https:\/\/hbklima.com\/wp-content\/uploads\/2021\/07\/multi-klima-sistemleri-montaji-arizasi-bakimi-servisi-firmasi-sirketi.jpg","type":"","width":"","height":""}],"twitter_card":"summary_large_image","twitter_misc":{"Tahmini okuma s\u00fcresi":"2 dakika"},"schema":{"@context":"https:\/\/schema.org","@graph":[{"@type":"WebPage","@id":"https:\/\/hbklima.com\/index.php\/hb-klima-hizmetleri\/multi-split-klima-sistemleri\/","url":"https:\/\/hbklima.com\/index.php\/hb-klima-hizmetleri\/multi-split-klima-sistemleri\/","name":"Multi Split Klima Sistemleri | HB Klima Teknik Servisi","isPartOf":{"@id":"https:\/\/hbklima.com\/#website"},"primaryImageOfPage":{"@id":"https:\/\/hbklima.com\/index.php\/hb-klima-hizmetleri\/multi-split-klima-sistemleri\/#primaryimage"},"image":{"@id":"https:\/\/hbklima.com\/index.php\/hb-klima-hizmetleri\/multi-split-klima-sistemleri\/#primaryimage"},"thumbnailUrl":"https:\/\/hbklima.com\/wp-content\/uploads\/2021\/07\/multi-klima-sistemleri-montaji-arizasi-bakimi-servisi-firmasi-sirketi.jpg","datePublished":"2020-09-22T02:52:23+00:00","dateModified":"2021-07-07T14:20:54+00:00","description":"Multi Split Klima Sistemleri, tek bir d\u0131\u015f \u00fcniteye ba\u011fl\u0131, birden fazla split sistemine sahip olan klima sistemleridir","breadcrumb":{"@id":"https:\/\/hbklima.com\/index.php\/hb-klima-hizmetleri\/multi-split-klima-sistemleri\/#breadcrumb"},"inLanguage":"tr","potentialAction":[{"@type":"ReadAction","target":["https:\/\/hbklima.com\/index.php\/hb-klima-hizmetleri\/multi-split-klima-sistemleri\/"]}]},{"@type":"ImageObject","inLanguage":"tr","@id":"https:\/\/hbklima.com\/index.php\/hb-klima-hizmetleri\/multi-split-klima-sistemleri\/#primaryimage","url":"https:\/\/hbklima.com\/wp-content\/uploads\/2021\/07\/multi-klima-sistemleri-montaji-arizasi-bakimi-servisi-firmasi-sirketi.jpg","contentUrl":"https:\/\/hbklima.com\/wp-content\/uploads\/2021\/07\/multi-klima-sistemleri-montaji-arizasi-bakimi-servisi-firmasi-sirketi.jpg","width":1200,"height":600,"caption":"Klima Servisi Multi Klima Sistemi Montaj\u0131 Bak\u0131m\u0131 Firmas\u0131 \u015eirketi"},{"@type":"BreadcrumbList","@id":"https:\/\/hbklima.com\/index.php\/hb-klima-hizmetleri\/multi-split-klima-sistemleri\/#breadcrumb","itemListElement":[{"@type":"ListItem","position":1,"name":"Anasayfa","item":"https:\/\/hbklima.com\/"},{"@type":"ListItem","position":2,"name":"HB Klima Hizmetleri","item":"https:\/\/hbklima.com\/index.php\/hb-klima-hizmetleri\/"},{"@type":"ListItem","position":3,"name":"Multi Split Klima Sistemleri"}]},{"@type":"WebSite","@id":"https:\/\/hbklima.com\/#website","url":"https:\/\/hbklima.com\/","name":"HB Klima Servisi","description":"Klima Servisi","potentialAction":[{"@type":"SearchAction","target":{"@type":"EntryPoint","urlTemplate":"https:\/\/hbklima.com\/?s={search_term_string}"},"query-input":{"@type":"PropertyValueSpecification","valueRequired":true,"valueName":"search_term_string"}}],"inLanguage":"tr"}]}},"_links":{"self":[{"href":"https:\/\/hbklima.com\/index.php\/wp-json\/wp\/v2\/pages\/996","targetHints":{"allow":["GET"]}}],"collection":[{"href":"https:\/\/hbklima.com\/index.php\/wp-json\/wp\/v2\/pages"}],"about":[{"href":"https:\/\/hbklima.com\/index.php\/wp-json\/wp\/v2\/types\/page"}],"author":[{"embeddable":true,"href":"https:\/\/hbklima.com\/index.php\/wp-json\/wp\/v2\/users\/1"}],"replies":[{"embeddable":true,"href":"https:\/\/hbklima.com\/index.php\/wp-json\/wp\/v2\/comments?post=996"}],"version-history":[{"count":3,"href":"https:\/\/hbklima.com\/index.php\/wp-json\/wp\/v2\/pages\/996\/revisions"}],"predecessor-version":[{"id":2289,"href":"https:\/\/hbklima.com\/index.php\/wp-json\/wp\/v2\/pages\/996\/revisions\/2289"}],"up":[{"embeddable":true,"href":"https:\/\/hbklima.com\/index.php\/wp-json\/wp\/v2\/pages\/868"}],"wp:attachment":[{"href":"https:\/\/hbklima.com\/index.php\/wp-json\/wp\/v2\/media?parent=996"}],"curies":[{"name":"wp","href":"https:\/\/api.w.org\/{rel}","templated":true}]}}