{"id":977,"date":"2020-09-17T08:25:54","date_gmt":"2020-09-17T08:25:54","guid":{"rendered":"http:\/\/wpdemo.archiwp.com\/maxbizz\/?page_id=977"},"modified":"2021-07-07T17:18:46","modified_gmt":"2021-07-07T14:18:46","slug":"klima-santralleri","status":"publish","type":"page","link":"https:\/\/hbklima.com\/index.php\/hb-klima-hizmetleri\/klima-santralleri\/","title":{"rendered":"Klima Santralleri"},"content":{"rendered":"\t\t<div data-elementor-type=\"wp-page\" data-elementor-id=\"977\" class=\"elementor elementor-977\">\n\t\t\t\t\t\t<section class=\"elementor-section elementor-top-section elementor-element elementor-element-2c774f8 elementor-section-boxed elementor-section-height-default elementor-section-height-default\" data-id=\"2c774f8\" data-element_type=\"section\" data-e-type=\"section\">\n\t\t\t\t\t\t<div class=\"elementor-container elementor-column-gap-extended\">\n\t\t\t\t\t<div class=\"elementor-column elementor-col-100 elementor-top-column elementor-element elementor-element-b5f4759 ot-flex-column-vertical\" data-id=\"b5f4759\" data-element_type=\"column\" data-e-type=\"column\">\n\t\t\t<div class=\"elementor-widget-wrap elementor-element-populated\">\n\t\t\t\t\t\t<div class=\"elementor-element elementor-element-7a5d281 elementor-widget elementor-widget-image\" data-id=\"7a5d281\" data-element_type=\"widget\" data-e-type=\"widget\" data-widget_type=\"image.default\">\n\t\t\t\t<div class=\"elementor-widget-container\">\n\t\t\t\t\t\t\t\t\t\t\t\t\t\t\t<img fetchpriority=\"high\" decoding=\"async\" width=\"1200\" height=\"600\" src=\"https:\/\/hbklima.com\/wp-content\/uploads\/2021\/07\/klima-santrali-sistemleri-montaji-arizasi-bakimi-servisi-firmasi-sirketi.jpg\" class=\"attachment-full size-full wp-image-2282\" alt=\"Klima Servisi Klima Santrali Sistemi Montaj\u0131 Bak\u0131m\u0131 Firmas\u0131 \u015eirketi\" srcset=\"https:\/\/hbklima.com\/wp-content\/uploads\/2021\/07\/klima-santrali-sistemleri-montaji-arizasi-bakimi-servisi-firmasi-sirketi.jpg 1200w, https:\/\/hbklima.com\/wp-content\/uploads\/2021\/07\/klima-santrali-sistemleri-montaji-arizasi-bakimi-servisi-firmasi-sirketi-300x150.jpg 300w, https:\/\/hbklima.com\/wp-content\/uploads\/2021\/07\/klima-santrali-sistemleri-montaji-arizasi-bakimi-servisi-firmasi-sirketi-1024x512.jpg 1024w, https:\/\/hbklima.com\/wp-content\/uploads\/2021\/07\/klima-santrali-sistemleri-montaji-arizasi-bakimi-servisi-firmasi-sirketi-768x384.jpg 768w\" sizes=\"(max-width: 1200px) 100vw, 1200px\" \/>\t\t\t\t\t\t\t\t\t\t\t\t\t\t\t<\/div>\n\t\t\t\t<\/div>\n\t\t\t\t<div class=\"elementor-element elementor-element-4c5c790 elementor-widget elementor-widget-heading\" data-id=\"4c5c790\" data-element_type=\"widget\" data-e-type=\"widget\" data-widget_type=\"heading.default\">\n\t\t\t\t<div class=\"elementor-widget-container\">\n\t\t\t\t\t<h3 class=\"elementor-heading-title elementor-size-default\">Klima Santralleri <\/h3>\t\t\t\t<\/div>\n\t\t\t\t<\/div>\n\t\t\t\t<div class=\"elementor-element elementor-element-bc6a7b1 elementor-widget elementor-widget-text-editor\" data-id=\"bc6a7b1\" data-element_type=\"widget\" data-e-type=\"widget\" data-widget_type=\"text-editor.default\">\n\t\t\t\t<div class=\"elementor-widget-container\">\n\t\t\t\t\t\t\t\t\t<p><span data-contrast=\"auto\">Klima Santralleri, atmosferden al\u0131nan taze havan\u0131n \u00e7e\u015fitli i\u015flemlerden sonra havan\u0131n kullan\u0131lacak b\u00f6lgeye\u00a0itetilmesini\u00a0sa\u011flayan iklimlendirme cihazlar\u0131d\u0131r. Klima santralleri, \u00e7al\u0131\u015fma prensibi dahilinde b\u00f6lgeye taze hava verilmesi, s\u0131cakl\u0131k ve nem oran\u0131n\u0131n ayarlanmas\u0131, havan\u0131n toz ve par\u00e7ac\u0131klardan ar\u0131nd\u0131r\u0131lmas\u0131n\u0131 sa\u011flamaktad\u0131r.<\/span><span data-ccp-props=\"{\">\u00a0<\/span><\/p><p><span data-contrast=\"auto\">Klima santralleri kapal\u0131 ortamdaki havan\u0131n nemini ve s\u0131cakl\u0131\u011f\u0131n\u0131 istenilen \u015fartlarda sabit tutarak konfor sa\u011flamaktad\u0131r. Klima santrali \u00e7e\u015fitleri bilinen d\u00f6rt termodinamik hava \u015fartland\u0131r\u0131lma fonksiyonlar\u0131 olan \u0131s\u0131tma, so\u011futma, nem alma, nemlendirme i\u015flemlerini yapmaktad\u0131r. Ayn\u0131 zamanda d\u0131\u015f ortamdan ald\u0131\u011f\u0131 taze havadaki kat\u0131 partik\u00fclleri, gazlar\u0131, mikroorganizmalar\u0131 tutarak kullan\u0131ld\u0131\u011f\u0131 ortam havas\u0131n\u0131 da\u00a0temizlemektedir.Aspirat\u00f6r, vantilat\u00f6r, so\u011futma serpantini, filtre, \u0131s\u0131tma serpantini ve damper motoru, bilinen klima santrali \u00e7e\u015fitleri olarak kar\u015f\u0131m\u0131za \u00e7\u0131kmaktad\u0131r. Klima santralleri cihaza ve kullan\u0131m amac\u0131na g\u00f6re farkl\u0131l\u0131k g\u00f6sterebilmektedir. Klima Santrallerinin bir\u00e7ok \u00e7e\u015fidi bulunmaktad\u0131r.<\/span><span data-ccp-props=\"{\">\u00a0<\/span><\/p><p>Klima santralleri kullan\u0131laca\u011f\u0131 mahalin ko\u015fullar\u0131na g\u00f6re \u00e7e\u015fitlilik g\u00f6sterir.Bunlar ;<\/p><p>&#8211; <strong>Kar\u0131\u015f\u0131m haval\u0131<\/strong><\/p><p><strong>&#8211; Is\u0131 geri kazan\u0131ml\u0131<\/strong><\/p><p><strong>&#8211; Taze haval\u0131<\/strong><\/p><p>&#8211; <strong>Hijyenik klima<\/strong> olarak klima santrali \u00e7e\u015fitleri bulunmaktad\u0131r.<\/p><p><strong>Kar\u0131\u015f\u0131m Haval\u0131 Klima Santrali<\/strong><\/p><p>Kar\u0131\u015f\u0131m haval\u0131 klima santrali olarak belirtilen klima santrali, egzoz havas\u0131n\u0131 istenen miktarda taze hava ile kar\u0131\u015ft\u0131rabilir. Egzoz havas\u0131 d\u0131\u015f havaya g\u00f6re hemen hemen ayn\u0131 oksijen miktar\u0131na denk geliyorsa egzoz havas\u0131 taze havaya kar\u0131\u015ft\u0131r\u0131larak taze hava damperi k\u0131s\u0131l\u0131r. Ancak bu sistem hastaneler ve ila\u00e7 fabrikalar\u0131 gibi alanlar, mutfaklar ve egzoz havas\u0131n\u0131n \u00e7ok kirli oldu\u011fu b\u00f6lgelerde kullan\u0131lmamaktad\u0131r.<\/p><p><strong>Is\u0131 Geri Kazan\u0131ml\u0131 Klima Santrali<\/strong><\/p><p>Is\u0131 geri kazan\u0131ml\u0131 klima santrali ise taze havan\u0131n egzoz havas\u0131 ile kar\u0131\u015ft\u0131r\u0131lmadan \u0131s\u0131 geri kazan\u0131m h\u00fccresinde enerjilerini birbirlerine aktararak havay\u0131 d\u00fczenledi\u011fi klima santralleridir. % 70\u2019 e varan verimlerle enerji kazan\u0131m\u0131 yap\u0131l\u0131r.<\/p><p><strong>Taze Haval\u0131 Santral Sistemi<\/strong><\/p><p>Klima santrali \u00e7e\u015fitleri aras\u0131nda yer alan taze haval\u0131 klima santrali sistemi de atmosferden edindi\u011fi havay\u0131 b\u00f6lgeye aktaran cihaz tipidir. Egzoz i\u015flemi h\u00fccreli aspirat\u00f6rler ile sa\u011flanmaktad\u0131r.<\/p><p><strong>Hijyenik Klima Santrali<\/strong><\/p><p>Hijyenik klima santralleri ise hijyenik ortamlar\u0131n havaland\u0131r\u0131lmas\u0131n da kullan\u0131lan cihaz tipidir. Klima santrali \u00e7e\u015fitleri aras\u0131nda en \u00e7ok dikkat edilmesi gereken sistem olan hijyenik klima santrallerinde par\u00e7ac\u0131k ve mikroorganizmalar sistem i\u00e7ine girmemelidir. Mikroorganizmalar\u0131n olu\u015fmas\u0131na izin verilmemelidir.<\/p><p>Hijyenik klima santrali i\u00e7in nem oran\u0131 d\u00fc\u015f\u00fck olmal\u0131 ve su birikmemelidir. Kullan\u0131lan malzemelerde mikroorganizma \u00fcretmeyecek yap\u0131dan olu\u015fan malzemeler olmal\u0131d\u0131r. Temizli\u011fine ve bak\u0131m\u0131na dikkat edilmelidir.<\/p><p>\u00a0<\/p><p>\u00a0<\/p>\t\t\t\t\t\t\t\t<\/div>\n\t\t\t\t<\/div>\n\t\t\t\t\t<\/div>\n\t\t<\/div>\n\t\t\t\t\t<\/div>\n\t\t<\/section>\n\t\t\t\t<\/div>\n\t\t","protected":false},"excerpt":{"rendered":"<p>Klima Santralleri Klima Santralleri, atmosferden al\u0131nan taze havan\u0131n \u00e7e\u015fitli i\u015flemlerden sonra havan\u0131n kullan\u0131lacak b\u00f6lgeye\u00a0itetilmesini\u00a0sa\u011flayan iklimlendirme cihazlar\u0131d\u0131r. Klima santralleri, \u00e7al\u0131\u015fma prensibi dahilinde b\u00f6lgeye taze hava verilmesi, s\u0131cakl\u0131k ve nem oran\u0131n\u0131n ayarlanmas\u0131, havan\u0131n toz ve par\u00e7ac\u0131klardan ar\u0131nd\u0131r\u0131lmas\u0131n\u0131 sa\u011flamaktad\u0131r.\u00a0 Klima santralleri kapal\u0131 ortamdaki havan\u0131n nemini ve s\u0131cakl\u0131\u011f\u0131n\u0131 istenilen \u015fartlarda sabit tutarak konfor sa\u011flamaktad\u0131r. Klima santrali \u00e7e\u015fitleri bilinen d\u00f6rt [&hellip;]<\/p>\n","protected":false},"author":1,"featured_media":0,"parent":868,"menu_order":0,"comment_status":"closed","ping_status":"closed","template":"","meta":{"footnotes":""},"class_list":["post-977","page","type-page","status-publish","hentry"],"yoast_head":"<!-- This site is optimized with the Yoast SEO plugin v27.4 - https:\/\/yoast.com\/product\/yoast-seo-wordpress\/ -->\n<title>Klima Santralleri | HB Klima Teknik Servisi | \u0130klimlendirme Servisi<\/title>\n<meta name=\"description\" content=\"Klima Santralleri, atmosferden al\u0131nan taze havan\u0131n \u00e7e\u015fitli i\u015flemlerden sonra havan\u0131n kullan\u0131lacak b\u00f6lgeye itetilmesini sa\u011flayan iklimlendirme\" \/>\n<meta name=\"robots\" content=\"index, follow, max-snippet:-1, max-image-preview:large, max-video-preview:-1\" \/>\n<link rel=\"canonical\" href=\"https:\/\/hbklima.com\/index.php\/hb-klima-hizmetleri\/klima-santralleri\/\" \/>\n<meta property=\"og:locale\" content=\"tr_TR\" \/>\n<meta property=\"og:type\" content=\"article\" \/>\n<meta property=\"og:title\" content=\"Klima Santralleri | HB Klima Teknik Servisi | \u0130klimlendirme Servisi\" \/>\n<meta property=\"og:description\" content=\"Klima Santralleri, atmosferden al\u0131nan taze havan\u0131n \u00e7e\u015fitli i\u015flemlerden sonra havan\u0131n kullan\u0131lacak b\u00f6lgeye itetilmesini sa\u011flayan iklimlendirme\" \/>\n<meta property=\"og:url\" content=\"https:\/\/hbklima.com\/index.php\/hb-klima-hizmetleri\/klima-santralleri\/\" \/>\n<meta property=\"og:site_name\" content=\"HB Klima Servisi\" \/>\n<meta property=\"article:modified_time\" content=\"2021-07-07T14:18:46+00:00\" \/>\n<meta property=\"og:image\" content=\"https:\/\/hbklima.com\/wp-content\/uploads\/2021\/07\/klima-santrali-sistemleri-montaji-arizasi-bakimi-servisi-firmasi-sirketi.jpg\" \/>\n<meta name=\"twitter:card\" content=\"summary_large_image\" \/>\n<meta name=\"twitter:label1\" content=\"Tahmini okuma s\u00fcresi\" \/>\n\t<meta name=\"twitter:data1\" content=\"2 dakika\" \/>\n<script type=\"application\/ld+json\" class=\"yoast-schema-graph\">{\"@context\":\"https:\\\/\\\/schema.org\",\"@graph\":[{\"@type\":\"WebPage\",\"@id\":\"https:\\\/\\\/hbklima.com\\\/index.php\\\/hb-klima-hizmetleri\\\/klima-santralleri\\\/\",\"url\":\"https:\\\/\\\/hbklima.com\\\/index.php\\\/hb-klima-hizmetleri\\\/klima-santralleri\\\/\",\"name\":\"Klima Santralleri | HB Klima Teknik Servisi | \u0130klimlendirme Servisi\",\"isPartOf\":{\"@id\":\"https:\\\/\\\/hbklima.com\\\/#website\"},\"primaryImageOfPage\":{\"@id\":\"https:\\\/\\\/hbklima.com\\\/index.php\\\/hb-klima-hizmetleri\\\/klima-santralleri\\\/#primaryimage\"},\"image\":{\"@id\":\"https:\\\/\\\/hbklima.com\\\/index.php\\\/hb-klima-hizmetleri\\\/klima-santralleri\\\/#primaryimage\"},\"thumbnailUrl\":\"https:\\\/\\\/hbklima.com\\\/wp-content\\\/uploads\\\/2021\\\/07\\\/klima-santrali-sistemleri-montaji-arizasi-bakimi-servisi-firmasi-sirketi.jpg\",\"datePublished\":\"2020-09-17T08:25:54+00:00\",\"dateModified\":\"2021-07-07T14:18:46+00:00\",\"description\":\"Klima Santralleri, atmosferden al\u0131nan taze havan\u0131n \u00e7e\u015fitli i\u015flemlerden sonra havan\u0131n kullan\u0131lacak b\u00f6lgeye itetilmesini sa\u011flayan iklimlendirme\",\"breadcrumb\":{\"@id\":\"https:\\\/\\\/hbklima.com\\\/index.php\\\/hb-klima-hizmetleri\\\/klima-santralleri\\\/#breadcrumb\"},\"inLanguage\":\"tr\",\"potentialAction\":[{\"@type\":\"ReadAction\",\"target\":[\"https:\\\/\\\/hbklima.com\\\/index.php\\\/hb-klima-hizmetleri\\\/klima-santralleri\\\/\"]}]},{\"@type\":\"ImageObject\",\"inLanguage\":\"tr\",\"@id\":\"https:\\\/\\\/hbklima.com\\\/index.php\\\/hb-klima-hizmetleri\\\/klima-santralleri\\\/#primaryimage\",\"url\":\"https:\\\/\\\/hbklima.com\\\/wp-content\\\/uploads\\\/2021\\\/07\\\/klima-santrali-sistemleri-montaji-arizasi-bakimi-servisi-firmasi-sirketi.jpg\",\"contentUrl\":\"https:\\\/\\\/hbklima.com\\\/wp-content\\\/uploads\\\/2021\\\/07\\\/klima-santrali-sistemleri-montaji-arizasi-bakimi-servisi-firmasi-sirketi.jpg\",\"width\":1200,\"height\":600,\"caption\":\"Klima Servisi Klima Santrali Sistemi Montaj\u0131 Bak\u0131m\u0131 Firmas\u0131 \u015eirketi\"},{\"@type\":\"BreadcrumbList\",\"@id\":\"https:\\\/\\\/hbklima.com\\\/index.php\\\/hb-klima-hizmetleri\\\/klima-santralleri\\\/#breadcrumb\",\"itemListElement\":[{\"@type\":\"ListItem\",\"position\":1,\"name\":\"Anasayfa\",\"item\":\"https:\\\/\\\/hbklima.com\\\/\"},{\"@type\":\"ListItem\",\"position\":2,\"name\":\"HB Klima Hizmetleri\",\"item\":\"https:\\\/\\\/hbklima.com\\\/index.php\\\/hb-klima-hizmetleri\\\/\"},{\"@type\":\"ListItem\",\"position\":3,\"name\":\"Klima Santralleri\"}]},{\"@type\":\"WebSite\",\"@id\":\"https:\\\/\\\/hbklima.com\\\/#website\",\"url\":\"https:\\\/\\\/hbklima.com\\\/\",\"name\":\"HB Klima Servisi\",\"description\":\"Klima Servisi\",\"potentialAction\":[{\"@type\":\"SearchAction\",\"target\":{\"@type\":\"EntryPoint\",\"urlTemplate\":\"https:\\\/\\\/hbklima.com\\\/?s={search_term_string}\"},\"query-input\":{\"@type\":\"PropertyValueSpecification\",\"valueRequired\":true,\"valueName\":\"search_term_string\"}}],\"inLanguage\":\"tr\"}]}<\/script>\n<!-- \/ Yoast SEO plugin. -->","yoast_head_json":{"title":"Klima Santralleri | HB Klima Teknik Servisi | \u0130klimlendirme Servisi","description":"Klima Santralleri, atmosferden al\u0131nan taze havan\u0131n \u00e7e\u015fitli i\u015flemlerden sonra havan\u0131n kullan\u0131lacak b\u00f6lgeye itetilmesini sa\u011flayan iklimlendirme","robots":{"index":"index","follow":"follow","max-snippet":"max-snippet:-1","max-image-preview":"max-image-preview:large","max-video-preview":"max-video-preview:-1"},"canonical":"https:\/\/hbklima.com\/index.php\/hb-klima-hizmetleri\/klima-santralleri\/","og_locale":"tr_TR","og_type":"article","og_title":"Klima Santralleri | HB Klima Teknik Servisi | \u0130klimlendirme Servisi","og_description":"Klima Santralleri, atmosferden al\u0131nan taze havan\u0131n \u00e7e\u015fitli i\u015flemlerden sonra havan\u0131n kullan\u0131lacak b\u00f6lgeye itetilmesini sa\u011flayan iklimlendirme","og_url":"https:\/\/hbklima.com\/index.php\/hb-klima-hizmetleri\/klima-santralleri\/","og_site_name":"HB Klima Servisi","article_modified_time":"2021-07-07T14:18:46+00:00","og_image":[{"url":"https:\/\/hbklima.com\/wp-content\/uploads\/2021\/07\/klima-santrali-sistemleri-montaji-arizasi-bakimi-servisi-firmasi-sirketi.jpg","type":"","width":"","height":""}],"twitter_card":"summary_large_image","twitter_misc":{"Tahmini okuma s\u00fcresi":"2 dakika"},"schema":{"@context":"https:\/\/schema.org","@graph":[{"@type":"WebPage","@id":"https:\/\/hbklima.com\/index.php\/hb-klima-hizmetleri\/klima-santralleri\/","url":"https:\/\/hbklima.com\/index.php\/hb-klima-hizmetleri\/klima-santralleri\/","name":"Klima Santralleri | HB Klima Teknik Servisi | \u0130klimlendirme Servisi","isPartOf":{"@id":"https:\/\/hbklima.com\/#website"},"primaryImageOfPage":{"@id":"https:\/\/hbklima.com\/index.php\/hb-klima-hizmetleri\/klima-santralleri\/#primaryimage"},"image":{"@id":"https:\/\/hbklima.com\/index.php\/hb-klima-hizmetleri\/klima-santralleri\/#primaryimage"},"thumbnailUrl":"https:\/\/hbklima.com\/wp-content\/uploads\/2021\/07\/klima-santrali-sistemleri-montaji-arizasi-bakimi-servisi-firmasi-sirketi.jpg","datePublished":"2020-09-17T08:25:54+00:00","dateModified":"2021-07-07T14:18:46+00:00","description":"Klima Santralleri, atmosferden al\u0131nan taze havan\u0131n \u00e7e\u015fitli i\u015flemlerden sonra havan\u0131n kullan\u0131lacak b\u00f6lgeye itetilmesini sa\u011flayan iklimlendirme","breadcrumb":{"@id":"https:\/\/hbklima.com\/index.php\/hb-klima-hizmetleri\/klima-santralleri\/#breadcrumb"},"inLanguage":"tr","potentialAction":[{"@type":"ReadAction","target":["https:\/\/hbklima.com\/index.php\/hb-klima-hizmetleri\/klima-santralleri\/"]}]},{"@type":"ImageObject","inLanguage":"tr","@id":"https:\/\/hbklima.com\/index.php\/hb-klima-hizmetleri\/klima-santralleri\/#primaryimage","url":"https:\/\/hbklima.com\/wp-content\/uploads\/2021\/07\/klima-santrali-sistemleri-montaji-arizasi-bakimi-servisi-firmasi-sirketi.jpg","contentUrl":"https:\/\/hbklima.com\/wp-content\/uploads\/2021\/07\/klima-santrali-sistemleri-montaji-arizasi-bakimi-servisi-firmasi-sirketi.jpg","width":1200,"height":600,"caption":"Klima Servisi Klima Santrali Sistemi Montaj\u0131 Bak\u0131m\u0131 Firmas\u0131 \u015eirketi"},{"@type":"BreadcrumbList","@id":"https:\/\/hbklima.com\/index.php\/hb-klima-hizmetleri\/klima-santralleri\/#breadcrumb","itemListElement":[{"@type":"ListItem","position":1,"name":"Anasayfa","item":"https:\/\/hbklima.com\/"},{"@type":"ListItem","position":2,"name":"HB Klima Hizmetleri","item":"https:\/\/hbklima.com\/index.php\/hb-klima-hizmetleri\/"},{"@type":"ListItem","position":3,"name":"Klima Santralleri"}]},{"@type":"WebSite","@id":"https:\/\/hbklima.com\/#website","url":"https:\/\/hbklima.com\/","name":"HB Klima Servisi","description":"Klima Servisi","potentialAction":[{"@type":"SearchAction","target":{"@type":"EntryPoint","urlTemplate":"https:\/\/hbklima.com\/?s={search_term_string}"},"query-input":{"@type":"PropertyValueSpecification","valueRequired":true,"valueName":"search_term_string"}}],"inLanguage":"tr"}]}},"_links":{"self":[{"href":"https:\/\/hbklima.com\/index.php\/wp-json\/wp\/v2\/pages\/977","targetHints":{"allow":["GET"]}}],"collection":[{"href":"https:\/\/hbklima.com\/index.php\/wp-json\/wp\/v2\/pages"}],"about":[{"href":"https:\/\/hbklima.com\/index.php\/wp-json\/wp\/v2\/types\/page"}],"author":[{"embeddable":true,"href":"https:\/\/hbklima.com\/index.php\/wp-json\/wp\/v2\/users\/1"}],"replies":[{"embeddable":true,"href":"https:\/\/hbklima.com\/index.php\/wp-json\/wp\/v2\/comments?post=977"}],"version-history":[{"count":9,"href":"https:\/\/hbklima.com\/index.php\/wp-json\/wp\/v2\/pages\/977\/revisions"}],"predecessor-version":[{"id":2285,"href":"https:\/\/hbklima.com\/index.php\/wp-json\/wp\/v2\/pages\/977\/revisions\/2285"}],"up":[{"embeddable":true,"href":"https:\/\/hbklima.com\/index.php\/wp-json\/wp\/v2\/pages\/868"}],"wp:attachment":[{"href":"https:\/\/hbklima.com\/index.php\/wp-json\/wp\/v2\/media?parent=977"}],"curies":[{"name":"wp","href":"https:\/\/api.w.org\/{rel}","templated":true}]}}