{"id":487,"date":"2020-09-07T09:01:54","date_gmt":"2020-09-07T09:01:54","guid":{"rendered":"http:\/\/wpdemo.archiwp.com\/maxbizz\/?page_id=487"},"modified":"2023-08-16T17:10:17","modified_gmt":"2023-08-16T14:10:17","slug":"hakkimizda","status":"publish","type":"page","link":"https:\/\/hbklima.com\/index.php\/hakkimizda\/","title":{"rendered":"Hakk\u0131m\u0131zda"},"content":{"rendered":"\t\t<div data-elementor-type=\"wp-page\" data-elementor-id=\"487\" class=\"elementor elementor-487\">\n\t\t\t\t\t\t<section class=\"elementor-section elementor-top-section elementor-element elementor-element-e06dc4e elementor-section-boxed elementor-section-height-default elementor-section-height-default\" data-id=\"e06dc4e\" data-element_type=\"section\" data-e-type=\"section\">\n\t\t\t\t\t\t<div class=\"elementor-container elementor-column-gap-default\">\n\t\t\t\t\t<div class=\"elementor-column elementor-col-100 elementor-top-column elementor-element elementor-element-195c2a8 ot-flex-column-vertical\" data-id=\"195c2a8\" data-element_type=\"column\" data-e-type=\"column\">\n\t\t\t<div class=\"elementor-widget-wrap elementor-element-populated\">\n\t\t\t\t\t\t<div class=\"elementor-element elementor-element-09adb81 elementor-widget elementor-widget-heading\" data-id=\"09adb81\" data-element_type=\"widget\" data-e-type=\"widget\" data-widget_type=\"heading.default\">\n\t\t\t\t<div class=\"elementor-widget-container\">\n\t\t\t\t\t<h2 class=\"elementor-heading-title elementor-size-default\">Hakk\u0131m\u0131zda<\/h2>\t\t\t\t<\/div>\n\t\t\t\t<\/div>\n\t\t\t\t\t<\/div>\n\t\t<\/div>\n\t\t\t\t\t<\/div>\n\t\t<\/section>\n\t\t\t\t<section class=\"elementor-section elementor-top-section elementor-element elementor-element-aeaf1cb elementor-section-content-middle elementor-section-boxed elementor-section-height-default elementor-section-height-default\" data-id=\"aeaf1cb\" data-element_type=\"section\" data-e-type=\"section\">\n\t\t\t\t\t\t<div class=\"elementor-container elementor-column-gap-extended\">\n\t\t\t\t\t<div class=\"elementor-column elementor-col-50 elementor-top-column elementor-element elementor-element-e209ac4 ot-flex-column-vertical\" data-id=\"e209ac4\" data-element_type=\"column\" data-e-type=\"column\">\n\t\t\t<div class=\"elementor-widget-wrap elementor-element-populated\">\n\t\t\t\t\t\t<div class=\"elementor-element elementor-element-34ca8c4 elementor-widget elementor-widget-image\" data-id=\"34ca8c4\" data-element_type=\"widget\" data-e-type=\"widget\" data-widget_type=\"image.default\">\n\t\t\t\t<div class=\"elementor-widget-container\">\n\t\t\t\t\t\t\t\t\t\t\t\t\t\t\t<img fetchpriority=\"high\" decoding=\"async\" width=\"850\" height=\"1280\" src=\"https:\/\/hbklima.com\/wp-content\/uploads\/2021\/06\/hb-klima-servisi-hakkimizda.jpg\" class=\"attachment-full size-full wp-image-1774\" alt=\"Klima Sistemleri Montaj\u0131 Bak\u0131m\u0131 Ar\u0131za Servisi\" srcset=\"https:\/\/hbklima.com\/wp-content\/uploads\/2021\/06\/hb-klima-servisi-hakkimizda.jpg 850w, https:\/\/hbklima.com\/wp-content\/uploads\/2021\/06\/hb-klima-servisi-hakkimizda-199x300.jpg 199w, https:\/\/hbklima.com\/wp-content\/uploads\/2021\/06\/hb-klima-servisi-hakkimizda-680x1024.jpg 680w, https:\/\/hbklima.com\/wp-content\/uploads\/2021\/06\/hb-klima-servisi-hakkimizda-768x1157.jpg 768w\" sizes=\"(max-width: 850px) 100vw, 850px\" \/>\t\t\t\t\t\t\t\t\t\t\t\t\t\t\t<\/div>\n\t\t\t\t<\/div>\n\t\t\t\t\t<\/div>\n\t\t<\/div>\n\t\t\t\t<div class=\"elementor-column elementor-col-50 elementor-top-column elementor-element elementor-element-1feb286 ot-flex-column-vertical\" data-id=\"1feb286\" data-element_type=\"column\" data-e-type=\"column\">\n\t\t\t<div class=\"elementor-widget-wrap elementor-element-populated\">\n\t\t\t\t\t\t<div class=\"elementor-element elementor-element-bb4f4ed elementor-widget elementor-widget-text-editor\" data-id=\"bb4f4ed\" data-element_type=\"widget\" data-e-type=\"widget\" data-widget_type=\"text-editor.default\">\n\t\t\t\t<div class=\"elementor-widget-container\">\n\t\t\t\t\t\t\t\t\t<p><strong>HB Klima<\/strong>, iklimlendirme sistemleri servisinde sekt\u00f6rde uzun y\u0131llara dayanan tecr\u00fcbe ve bilgi birikiminin verdi\u011fi g\u00fcven, konusunda uzman ekibinden, biriktirdi\u011fi de\u011ferli m\u00fc\u015fteri ve sekt\u00f6r payda\u015flar\u0131ndan ald\u0131\u011f\u0131 g\u00fc\u00e7 ile yolculu\u011funa devam etmektedir.<\/p>\n<hr>\n<p>\u00c7e\u015fitli co\u011frafyalardaki farkl\u0131 iklim ko\u015fullar\u0131 i\u00e7in, geni\u015f \u00fcr\u00fcn yelpazesi ile optimum \u00e7\u00f6z\u00fcmler \u00fcreten HB Klima, m\u00fc\u015fteri memnuniyetini, kaliteli \u00fcr\u00fcn ve hizmet anlay\u0131\u015f\u0131n\u0131 kendine ilke edinmi\u015ftir.<\/p>\n<p>G\u00fc\u00e7l\u00fc m\u00fchendislik altyap\u0131s\u0131, %100 yerli sermaye ve yenilik\u00e7i ruhu ile sekt\u00f6r\u00fcn bir\u00e7ok ilkini ger\u00e7ekle\u015ftiren HB Klima, yurt i\u00e7inde ve yurt d\u0131\u015f\u0131nda son teknoloji \u00fcr\u00fcnleri ile projelere de\u011fer katmaya devam etmektedir.&nbsp;<\/p>\n<p>Klima servisi, klima cihazlar\u0131n\u0131n kurulumu, bak\u0131m\u0131, onar\u0131m\u0131 ve genel hizmetleriyle ilgilenen bir hizmet t\u00fcr\u00fcd\u00fcr. Klima cihazlar\u0131, i\u00e7 mekan s\u0131cakl\u0131\u011f\u0131n\u0131 d\u00fczenlemek, havay\u0131 temizlemek ve nem kontrol\u00fc yapmak gibi i\u015flevleri yerine getirir. Ancak zaman i\u00e7inde d\u00fczenli bak\u0131m ve gerekti\u011finde onar\u0131m ihtiyac\u0131 do\u011fabilir. \u0130\u015fte <b>HB klima Servisi<\/b> hakk\u0131m\u0131zda k\u0131sa bilgiler:&nbsp;<\/p>\t\t\t\t\t\t\t\t<\/div>\n\t\t\t\t<\/div>\n\t\t\t\t\t<\/div>\n\t\t<\/div>\n\t\t\t\t\t<\/div>\n\t\t<\/section>\n\t\t\t\t<section class=\"elementor-section elementor-top-section elementor-element elementor-element-e10a83b elementor-section-boxed elementor-section-height-default elementor-section-height-default\" data-id=\"e10a83b\" data-element_type=\"section\" data-e-type=\"section\">\n\t\t\t\t\t\t<div class=\"elementor-container elementor-column-gap-default\">\n\t\t\t\t\t<div class=\"elementor-column elementor-col-100 elementor-top-column elementor-element elementor-element-e15d19f ot-flex-column-vertical\" data-id=\"e15d19f\" data-element_type=\"column\" data-e-type=\"column\">\n\t\t\t<div class=\"elementor-widget-wrap elementor-element-populated\">\n\t\t\t\t\t\t<div class=\"elementor-element elementor-element-8b4ef53 elementor-widget elementor-widget-text-editor\" data-id=\"8b4ef53\" data-element_type=\"widget\" data-e-type=\"widget\" data-widget_type=\"text-editor.default\">\n\t\t\t\t<div class=\"elementor-widget-container\">\n\t\t\t\t\t\t\t\t\t<p><strong>Kurulum:<\/strong> Yeni bir klima cihaz\u0131n\u0131n do\u011fru bir \u015fekilde kurulmas\u0131, verimli \u00e7al\u0131\u015fmas\u0131 ve uzun \u00f6m\u00fcrl\u00fc olmas\u0131 i\u00e7in \u00f6nemlidir. Klima servisleri, cihazlar\u0131n do\u011fru \u015fekilde kurulmas\u0131n\u0131 sa\u011flar.<\/p><p><strong>Bak\u0131m:<\/strong> Klima cihazlar\u0131 d\u00fczenli bak\u0131m gerektirir. Bak\u0131m, filtre temizli\u011fi, so\u011futucu gaz kontrol\u00fc, fanlar\u0131n \u00e7al\u0131\u015fma durumu gibi unsurlar\u0131 i\u00e7erir. D\u00fczenli bak\u0131m, enerji verimlili\u011fini art\u0131rabilir ve cihaz\u0131n sa\u011fl\u0131kl\u0131 \u00e7al\u0131\u015fmas\u0131n\u0131 s\u00fcrd\u00fcrebilir.<\/p><p><strong>Onar\u0131m:<\/strong> Klima cihazlar\u0131 zamanla ar\u0131zalar geli\u015ftirebilir. So\u011futma sorunlar\u0131, su s\u0131z\u0131nt\u0131lar\u0131, elektriksel problemler gibi durumlar onar\u0131m gerektirebilir. Klima servisleri, bu t\u00fcr sorunlar\u0131 tespit eder ve gerekli onar\u0131mlar\u0131 yapar.<\/p><p><strong>Gaz Dolumu:<\/strong> Klima cihazlar\u0131 so\u011futucu gazla \u00e7al\u0131\u015f\u0131r. Bu gaz zaman i\u00e7inde azalabilir veya s\u0131z\u0131nt\u0131 olabilir. Klima servisi, so\u011futucu gaz seviyesini kontrol eder ve gerekti\u011finde dolum i\u015flemini ger\u00e7ekle\u015ftirir.<\/p><p><strong>Verimlilik Art\u0131rma:<\/strong> Klima servisleri, cihazlar\u0131n enerji verimlili\u011fini art\u0131rmak i\u00e7in \u00f6nerilerde bulunabilir. Bu da enerji tasarrufu sa\u011flayarak maliyetleri d\u00fc\u015f\u00fcrebilir.<\/p><p><strong>Hava Kalitesi Kontrol\u00fc:<\/strong> Baz\u0131 klima cihazlar\u0131 havay\u0131 temizleme veya filtreleme \u00f6zelli\u011fine sahiptir. Klima servisi, bu \u00f6zelliklerin d\u00fczg\u00fcn \u00e7al\u0131\u015fmas\u0131n\u0131 sa\u011flar ve i\u00e7 mekan hava kalitesini art\u0131rmaya yard\u0131mc\u0131 olabilir.<\/p><p><strong>Klima servisleri,<\/strong> genellikle lisansl\u0131 teknisyenlerden olu\u015fur ve klima cihazlar\u0131n\u0131n sa\u011fl\u0131kl\u0131 ve g\u00fcvenli bir \u015fekilde \u00e7al\u0131\u015fmas\u0131n\u0131 sa\u011flamak i\u00e7in uzmanl\u0131k gerektirir. Klima cihaz\u0131n\u0131z\u0131n \u00fcretici talimatlar\u0131na uygun \u015fekilde bak\u0131m ve onar\u0131mlar\u0131n\u0131 yapt\u0131rmak, cihaz\u0131n performans\u0131n\u0131 ve \u00f6mr\u00fcn\u00fc art\u0131rabilir.<\/p>\t\t\t\t\t\t\t\t<\/div>\n\t\t\t\t<\/div>\n\t\t\t\t\t<\/div>\n\t\t<\/div>\n\t\t\t\t\t<\/div>\n\t\t<\/section>\n\t\t\t\t<section class=\"elementor-section elementor-top-section elementor-element elementor-element-b43fd21 elementor-section-boxed elementor-section-height-default elementor-section-height-default\" data-id=\"b43fd21\" data-element_type=\"section\" data-e-type=\"section\" data-settings=\"{&quot;background_background&quot;:&quot;classic&quot;}\">\n\t\t\t\t\t\t<div class=\"elementor-container elementor-column-gap-default\">\n\t\t\t\t\t<div class=\"elementor-column elementor-col-100 elementor-top-column elementor-element elementor-element-4493cd0 ot-flex-column-vertical\" data-id=\"4493cd0\" data-element_type=\"column\" data-e-type=\"column\">\n\t\t\t<div class=\"elementor-widget-wrap elementor-element-populated\">\n\t\t\t\t\t\t<div class=\"elementor-element elementor-element-12e7c1c elementor-widget elementor-widget-iclogos\" data-id=\"12e7c1c\" data-element_type=\"widget\" data-e-type=\"widget\" data-widget_type=\"iclogos.default\">\n\t\t\t\t<div class=\"elementor-widget-container\">\n\t\t\t\t\t\t\t\r\n\t\t<div class=\"logos-carousel\" data-loop=\"true\" data-auto=\"true\" data-time=\"7000\" data-arrows=\"false\" data-dots=\"false\" data-show=\"6\" data-tshow=\"4\" data-mshow=\"\" data-gaps=\"80\" data-tgaps=\"\" data-mgaps=\"\">\r\n\t\t\t<div class=\"owl-carousel owl-theme\">\r\n\t\t        <a href=\"#\"><figure><img decoding=\"async\" src=\"https:\/\/hbklima.com\/wp-content\/uploads\/2021\/06\/ticaret-bakanlig\u0306i-gu\u0308mru\u0308kler-muhafaza-logo.png\" alt=\"\"><\/figure><\/a><a href=\"#\"><figure><img decoding=\"async\" src=\"https:\/\/hbklima.com\/wp-content\/uploads\/2021\/06\/ptt-logo.png\" alt=\"\"><\/figure><\/a><a href=\"#\"><figure><img decoding=\"async\" src=\"https:\/\/hbklima.com\/wp-content\/uploads\/2021\/06\/finansbank.png\" alt=\"\"><\/figure><\/a><a href=\"#\"><figure><img decoding=\"async\" src=\"https:\/\/hbklima.com\/wp-content\/uploads\/2021\/06\/istanbul-safak-hastanesi.png\" alt=\"\"><\/figure><\/a><a href=\"#\"><figure><img decoding=\"async\" src=\"https:\/\/hbklima.com\/wp-content\/uploads\/2021\/06\/CS-6.k.logolar-02.png\" alt=\"\"><\/figure><\/a><a href=\"#\"><figure><img decoding=\"async\" src=\"https:\/\/hbklima.com\/wp-content\/uploads\/2021\/06\/atakoy-hastanesi.png\" alt=\"\"><\/figure><\/a><figure><img decoding=\"async\" src=\"https:\/\/hbklima.com\/wp-content\/uploads\/2021\/06\/asyalogo.png\" alt=\"\"><\/figure><figure><img decoding=\"async\" src=\"https:\/\/hbklima.com\/wp-content\/uploads\/2021\/06\/aile-hastanesi.png\" alt=\"\"><\/figure>\t\t    <\/div>\r\n\t    <\/div>\r\n\t\t\t\t\t\t<\/div>\n\t\t\t\t<\/div>\n\t\t\t\t\t<\/div>\n\t\t<\/div>\n\t\t\t\t\t<\/div>\n\t\t<\/section>\n\t\t\t\t<section class=\"elementor-section elementor-top-section elementor-element elementor-element-108cd32 elementor-section-boxed elementor-section-height-default elementor-section-height-default\" data-id=\"108cd32\" data-element_type=\"section\" data-e-type=\"section\" data-settings=\"{&quot;background_background&quot;:&quot;classic&quot;}\">\n\t\t\t\t\t\t<div class=\"elementor-container elementor-column-gap-extended\">\n\t\t\t\t\t<div class=\"elementor-column elementor-col-25 elementor-top-column elementor-element elementor-element-0735a10 ot-flex-column-vertical\" data-id=\"0735a10\" data-element_type=\"column\" data-e-type=\"column\">\n\t\t\t<div class=\"elementor-widget-wrap elementor-element-populated\">\n\t\t\t\t\t\t<div class=\"elementor-element elementor-element-8060d12 number-left elementor-widget elementor-widget-icounter\" data-id=\"8060d12\" data-element_type=\"widget\" data-e-type=\"widget\" data-widget_type=\"icounter.default\">\n\t\t\t\t<div class=\"elementor-widget-container\">\n\t\t\t\t\t    \t<div class=\"ot-counter icounter\" data-counter=\"350\">\r\n        \t<div class=\"c-number\">\r\n        \t\t<span class=\"num\" data-to=\"350\" data-time= \"2000\"><\/span>        \t<\/div>\r\n        \t<h6>\u00dcr\u00fcn <br> Portf\u00f6y\u00fc<\/h6>      \t\t\t\t        \r\n\t    <\/div>\r\n\t    \t\t\t\t<\/div>\n\t\t\t\t<\/div>\n\t\t\t\t\t<\/div>\n\t\t<\/div>\n\t\t\t\t<div class=\"elementor-column elementor-col-25 elementor-top-column elementor-element elementor-element-6ad901d ot-flex-column-vertical\" data-id=\"6ad901d\" data-element_type=\"column\" data-e-type=\"column\">\n\t\t\t<div class=\"elementor-widget-wrap elementor-element-populated\">\n\t\t\t\t\t\t<div class=\"elementor-element elementor-element-2031739 number-left elementor-widget elementor-widget-icounter\" data-id=\"2031739\" data-element_type=\"widget\" data-e-type=\"widget\" data-widget_type=\"icounter.default\">\n\t\t\t\t<div class=\"elementor-widget-container\">\n\t\t\t\t\t    \t<div class=\"ot-counter icounter\" data-counter=\"215\">\r\n        \t<div class=\"c-number\">\r\n        \t\t<span class=\"num\" data-to=\"215\" data-time= \"2000\"><\/span>        \t<\/div>\r\n        \t<h6> Proje<\/h6>      \t\t\t\t        \r\n\t    <\/div>\r\n\t    \t\t\t\t<\/div>\n\t\t\t\t<\/div>\n\t\t\t\t\t<\/div>\n\t\t<\/div>\n\t\t\t\t<div class=\"elementor-column elementor-col-25 elementor-top-column elementor-element elementor-element-85c3919 ot-flex-column-vertical\" data-id=\"85c3919\" data-element_type=\"column\" data-e-type=\"column\">\n\t\t\t<div class=\"elementor-widget-wrap elementor-element-populated\">\n\t\t\t\t\t\t<div class=\"elementor-element elementor-element-fda6e6b number-left elementor-widget elementor-widget-icounter\" data-id=\"fda6e6b\" data-element_type=\"widget\" data-e-type=\"widget\" data-widget_type=\"icounter.default\">\n\t\t\t\t<div class=\"elementor-widget-container\">\n\t\t\t\t\t    \t<div class=\"ot-counter icounter\" data-counter=\"20\">\r\n        \t<div class=\"c-number\">\r\n        \t\t<span class=\"num\" data-to=\"20\" data-time= \"2000\"><\/span>        \t<\/div>\r\n        \t<h6>Y\u0131ll\u0131k  <br> Tecr\u00fcbe<\/h6>      \t\t\t\t        \r\n\t    <\/div>\r\n\t    \t\t\t\t<\/div>\n\t\t\t\t<\/div>\n\t\t\t\t\t<\/div>\n\t\t<\/div>\n\t\t\t\t<div class=\"elementor-column elementor-col-25 elementor-top-column elementor-element elementor-element-83488ff ot-flex-column-vertical\" data-id=\"83488ff\" data-element_type=\"column\" data-e-type=\"column\">\n\t\t\t<div class=\"elementor-widget-wrap elementor-element-populated\">\n\t\t\t\t\t\t<div class=\"elementor-element elementor-element-f318511 number-left elementor-widget elementor-widget-icounter\" data-id=\"f318511\" data-element_type=\"widget\" data-e-type=\"widget\" data-widget_type=\"icounter.default\">\n\t\t\t\t<div class=\"elementor-widget-container\">\n\t\t\t\t\t    \t<div class=\"ot-counter icounter\" data-counter=\"1200\">\r\n        \t<div class=\"c-number\">\r\n        \t\t<span class=\"num\" data-to=\"1200\" data-time= \"2000\"><\/span>        \t<\/div>\r\n        \t<h6>Memnun <br> M\u00fc\u015fteri<\/h6>      \t\t\t\t        \r\n\t    <\/div>\r\n\t    \t\t\t\t<\/div>\n\t\t\t\t<\/div>\n\t\t\t\t\t<\/div>\n\t\t<\/div>\n\t\t\t\t\t<\/div>\n\t\t<\/section>\n\t\t\t\t<\/div>\n\t\t","protected":false},"excerpt":{"rendered":"<p>Hakk\u0131m\u0131zda HB Klima, iklimlendirme sistemleri servisinde sekt\u00f6rde uzun y\u0131llara dayanan tecr\u00fcbe ve bilgi birikiminin verdi\u011fi g\u00fcven, konusunda uzman ekibinden, biriktirdi\u011fi de\u011ferli m\u00fc\u015fteri ve sekt\u00f6r payda\u015flar\u0131ndan ald\u0131\u011f\u0131 g\u00fc\u00e7 ile yolculu\u011funa devam etmektedir. \u00c7e\u015fitli co\u011frafyalardaki farkl\u0131 iklim ko\u015fullar\u0131 i\u00e7in, geni\u015f \u00fcr\u00fcn yelpazesi ile optimum \u00e7\u00f6z\u00fcmler \u00fcreten HB Klima, m\u00fc\u015fteri memnuniyetini, kaliteli \u00fcr\u00fcn ve hizmet anlay\u0131\u015f\u0131n\u0131 kendine ilke [&hellip;]<\/p>\n","protected":false},"author":1,"featured_media":1759,"parent":0,"menu_order":0,"comment_status":"closed","ping_status":"closed","template":"","meta":{"footnotes":""},"class_list":["post-487","page","type-page","status-publish","has-post-thumbnail","hentry"],"yoast_head":"<!-- This site is optimized with the Yoast SEO plugin v27.4 - https:\/\/yoast.com\/product\/yoast-seo-wordpress\/ -->\n<title>Hakk\u0131m\u0131zda | HB Klima Teknik Servisi | \u0130klimlendirme Hizmeti<\/title>\n<meta name=\"description\" content=\"Hakk\u0131m\u0131zda HB Klima, iklimlendirme sistemleri servisinde sekt\u00f6rde uzun y\u0131llara dayanan tecr\u00fcbe ve bilgi birikiminin verdi\u011fi g\u00fcven ile\" \/>\n<meta name=\"robots\" content=\"index, follow, max-snippet:-1, max-image-preview:large, max-video-preview:-1\" \/>\n<link rel=\"canonical\" href=\"https:\/\/hbklima.com\/index.php\/hakkimizda\/\" \/>\n<meta property=\"og:locale\" content=\"tr_TR\" \/>\n<meta property=\"og:type\" content=\"article\" \/>\n<meta property=\"og:title\" content=\"Hakk\u0131m\u0131zda | HB Klima Teknik Servisi | \u0130klimlendirme Hizmeti\" \/>\n<meta property=\"og:description\" content=\"Hakk\u0131m\u0131zda HB Klima, iklimlendirme sistemleri servisinde sekt\u00f6rde uzun y\u0131llara dayanan tecr\u00fcbe ve bilgi birikiminin verdi\u011fi g\u00fcven ile\" \/>\n<meta property=\"og:url\" content=\"https:\/\/hbklima.com\/index.php\/hakkimizda\/\" \/>\n<meta property=\"og:site_name\" content=\"HB Klima Servisi\" \/>\n<meta property=\"article:modified_time\" content=\"2023-08-16T14:10:17+00:00\" \/>\n<meta property=\"og:image\" content=\"https:\/\/hbklima.com\/wp-content\/uploads\/2021\/06\/dis-unite-klima-bakimi-arizasi-montaj-servisi.jpg\" \/>\n\t<meta property=\"og:image:width\" content=\"750\" \/>\n\t<meta property=\"og:image:height\" content=\"935\" \/>\n\t<meta property=\"og:image:type\" content=\"image\/jpeg\" \/>\n<meta name=\"twitter:card\" content=\"summary_large_image\" \/>\n<meta name=\"twitter:label1\" content=\"Tahmini okuma s\u00fcresi\" \/>\n\t<meta name=\"twitter:data1\" content=\"4 dakika\" \/>\n<script type=\"application\/ld+json\" class=\"yoast-schema-graph\">{\"@context\":\"https:\\\/\\\/schema.org\",\"@graph\":[{\"@type\":\"WebPage\",\"@id\":\"https:\\\/\\\/hbklima.com\\\/index.php\\\/hakkimizda\\\/\",\"url\":\"https:\\\/\\\/hbklima.com\\\/index.php\\\/hakkimizda\\\/\",\"name\":\"Hakk\u0131m\u0131zda | HB Klima Teknik Servisi | \u0130klimlendirme Hizmeti\",\"isPartOf\":{\"@id\":\"https:\\\/\\\/hbklima.com\\\/#website\"},\"primaryImageOfPage\":{\"@id\":\"https:\\\/\\\/hbklima.com\\\/index.php\\\/hakkimizda\\\/#primaryimage\"},\"image\":{\"@id\":\"https:\\\/\\\/hbklima.com\\\/index.php\\\/hakkimizda\\\/#primaryimage\"},\"thumbnailUrl\":\"https:\\\/\\\/hbklima.com\\\/wp-content\\\/uploads\\\/2021\\\/06\\\/dis-unite-klima-bakimi-arizasi-montaj-servisi.jpg\",\"datePublished\":\"2020-09-07T09:01:54+00:00\",\"dateModified\":\"2023-08-16T14:10:17+00:00\",\"description\":\"Hakk\u0131m\u0131zda HB Klima, iklimlendirme sistemleri servisinde sekt\u00f6rde uzun y\u0131llara dayanan tecr\u00fcbe ve bilgi birikiminin verdi\u011fi g\u00fcven ile\",\"breadcrumb\":{\"@id\":\"https:\\\/\\\/hbklima.com\\\/index.php\\\/hakkimizda\\\/#breadcrumb\"},\"inLanguage\":\"tr\",\"potentialAction\":[{\"@type\":\"ReadAction\",\"target\":[\"https:\\\/\\\/hbklima.com\\\/index.php\\\/hakkimizda\\\/\"]}]},{\"@type\":\"ImageObject\",\"inLanguage\":\"tr\",\"@id\":\"https:\\\/\\\/hbklima.com\\\/index.php\\\/hakkimizda\\\/#primaryimage\",\"url\":\"https:\\\/\\\/hbklima.com\\\/wp-content\\\/uploads\\\/2021\\\/06\\\/dis-unite-klima-bakimi-arizasi-montaj-servisi.jpg\",\"contentUrl\":\"https:\\\/\\\/hbklima.com\\\/wp-content\\\/uploads\\\/2021\\\/06\\\/dis-unite-klima-bakimi-arizasi-montaj-servisi.jpg\",\"width\":750,\"height\":935,\"caption\":\"Klima Sistemleri Montaj\u0131 Bak\u0131m\u0131 Ar\u0131za Servisi\"},{\"@type\":\"BreadcrumbList\",\"@id\":\"https:\\\/\\\/hbklima.com\\\/index.php\\\/hakkimizda\\\/#breadcrumb\",\"itemListElement\":[{\"@type\":\"ListItem\",\"position\":1,\"name\":\"Anasayfa\",\"item\":\"https:\\\/\\\/hbklima.com\\\/\"},{\"@type\":\"ListItem\",\"position\":2,\"name\":\"Hakk\u0131m\u0131zda\"}]},{\"@type\":\"WebSite\",\"@id\":\"https:\\\/\\\/hbklima.com\\\/#website\",\"url\":\"https:\\\/\\\/hbklima.com\\\/\",\"name\":\"HB Klima Servisi\",\"description\":\"Klima Servisi\",\"potentialAction\":[{\"@type\":\"SearchAction\",\"target\":{\"@type\":\"EntryPoint\",\"urlTemplate\":\"https:\\\/\\\/hbklima.com\\\/?s={search_term_string}\"},\"query-input\":{\"@type\":\"PropertyValueSpecification\",\"valueRequired\":true,\"valueName\":\"search_term_string\"}}],\"inLanguage\":\"tr\"}]}<\/script>\n<!-- \/ Yoast SEO plugin. -->","yoast_head_json":{"title":"Hakk\u0131m\u0131zda | HB Klima Teknik Servisi | \u0130klimlendirme Hizmeti","description":"Hakk\u0131m\u0131zda HB Klima, iklimlendirme sistemleri servisinde sekt\u00f6rde uzun y\u0131llara dayanan tecr\u00fcbe ve bilgi birikiminin verdi\u011fi g\u00fcven ile","robots":{"index":"index","follow":"follow","max-snippet":"max-snippet:-1","max-image-preview":"max-image-preview:large","max-video-preview":"max-video-preview:-1"},"canonical":"https:\/\/hbklima.com\/index.php\/hakkimizda\/","og_locale":"tr_TR","og_type":"article","og_title":"Hakk\u0131m\u0131zda | HB Klima Teknik Servisi | \u0130klimlendirme Hizmeti","og_description":"Hakk\u0131m\u0131zda HB Klima, iklimlendirme sistemleri servisinde sekt\u00f6rde uzun y\u0131llara dayanan tecr\u00fcbe ve bilgi birikiminin verdi\u011fi g\u00fcven ile","og_url":"https:\/\/hbklima.com\/index.php\/hakkimizda\/","og_site_name":"HB Klima Servisi","article_modified_time":"2023-08-16T14:10:17+00:00","og_image":[{"width":750,"height":935,"url":"https:\/\/hbklima.com\/wp-content\/uploads\/2021\/06\/dis-unite-klima-bakimi-arizasi-montaj-servisi.jpg","type":"image\/jpeg"}],"twitter_card":"summary_large_image","twitter_misc":{"Tahmini okuma s\u00fcresi":"4 dakika"},"schema":{"@context":"https:\/\/schema.org","@graph":[{"@type":"WebPage","@id":"https:\/\/hbklima.com\/index.php\/hakkimizda\/","url":"https:\/\/hbklima.com\/index.php\/hakkimizda\/","name":"Hakk\u0131m\u0131zda | HB Klima Teknik Servisi | \u0130klimlendirme Hizmeti","isPartOf":{"@id":"https:\/\/hbklima.com\/#website"},"primaryImageOfPage":{"@id":"https:\/\/hbklima.com\/index.php\/hakkimizda\/#primaryimage"},"image":{"@id":"https:\/\/hbklima.com\/index.php\/hakkimizda\/#primaryimage"},"thumbnailUrl":"https:\/\/hbklima.com\/wp-content\/uploads\/2021\/06\/dis-unite-klima-bakimi-arizasi-montaj-servisi.jpg","datePublished":"2020-09-07T09:01:54+00:00","dateModified":"2023-08-16T14:10:17+00:00","description":"Hakk\u0131m\u0131zda HB Klima, iklimlendirme sistemleri servisinde sekt\u00f6rde uzun y\u0131llara dayanan tecr\u00fcbe ve bilgi birikiminin verdi\u011fi g\u00fcven ile","breadcrumb":{"@id":"https:\/\/hbklima.com\/index.php\/hakkimizda\/#breadcrumb"},"inLanguage":"tr","potentialAction":[{"@type":"ReadAction","target":["https:\/\/hbklima.com\/index.php\/hakkimizda\/"]}]},{"@type":"ImageObject","inLanguage":"tr","@id":"https:\/\/hbklima.com\/index.php\/hakkimizda\/#primaryimage","url":"https:\/\/hbklima.com\/wp-content\/uploads\/2021\/06\/dis-unite-klima-bakimi-arizasi-montaj-servisi.jpg","contentUrl":"https:\/\/hbklima.com\/wp-content\/uploads\/2021\/06\/dis-unite-klima-bakimi-arizasi-montaj-servisi.jpg","width":750,"height":935,"caption":"Klima Sistemleri Montaj\u0131 Bak\u0131m\u0131 Ar\u0131za Servisi"},{"@type":"BreadcrumbList","@id":"https:\/\/hbklima.com\/index.php\/hakkimizda\/#breadcrumb","itemListElement":[{"@type":"ListItem","position":1,"name":"Anasayfa","item":"https:\/\/hbklima.com\/"},{"@type":"ListItem","position":2,"name":"Hakk\u0131m\u0131zda"}]},{"@type":"WebSite","@id":"https:\/\/hbklima.com\/#website","url":"https:\/\/hbklima.com\/","name":"HB Klima Servisi","description":"Klima Servisi","potentialAction":[{"@type":"SearchAction","target":{"@type":"EntryPoint","urlTemplate":"https:\/\/hbklima.com\/?s={search_term_string}"},"query-input":{"@type":"PropertyValueSpecification","valueRequired":true,"valueName":"search_term_string"}}],"inLanguage":"tr"}]}},"_links":{"self":[{"href":"https:\/\/hbklima.com\/index.php\/wp-json\/wp\/v2\/pages\/487","targetHints":{"allow":["GET"]}}],"collection":[{"href":"https:\/\/hbklima.com\/index.php\/wp-json\/wp\/v2\/pages"}],"about":[{"href":"https:\/\/hbklima.com\/index.php\/wp-json\/wp\/v2\/types\/page"}],"author":[{"embeddable":true,"href":"https:\/\/hbklima.com\/index.php\/wp-json\/wp\/v2\/users\/1"}],"replies":[{"embeddable":true,"href":"https:\/\/hbklima.com\/index.php\/wp-json\/wp\/v2\/comments?post=487"}],"version-history":[{"count":38,"href":"https:\/\/hbklima.com\/index.php\/wp-json\/wp\/v2\/pages\/487\/revisions"}],"predecessor-version":[{"id":3218,"href":"https:\/\/hbklima.com\/index.php\/wp-json\/wp\/v2\/pages\/487\/revisions\/3218"}],"wp:featuredmedia":[{"embeddable":true,"href":"https:\/\/hbklima.com\/index.php\/wp-json\/wp\/v2\/media\/1759"}],"wp:attachment":[{"href":"https:\/\/hbklima.com\/index.php\/wp-json\/wp\/v2\/media?parent=487"}],"curies":[{"name":"wp","href":"https:\/\/api.w.org\/{rel}","templated":true}]}}